ate the remainder when 62 is divided by 13.
10
Calculate the remainder when 43 is divided by 15.
13
What is the remainder when 1638 is divided by 41?
39
What is the remainder when 48 is divided by 15?
3
What is the remainder when 158 is divided by 63?
32
Calculate the remainder when 202 is divided by 133.
69
Calculate the remainder when 79 is divided by 23.
10
What is the remainder when 43 is divided by 9?
7
What is the remainder when 748 is divided by 44?
0
What is the remainder when 110 is divided by 19?
15
Calculate the remainder when 135 is divided by 24.
15
What is the remainder when 101 is divided by 8?
5
What is the remainder when 19 is divided by 3?
1
What is the remainder when 852 is divided by 57?
54
What is the remainder when 655 is divided by 48?
31
What is the remainder when 44 is divided by 24?
20
What is the remainder when 215 is divided by 27?
26
Calculate the remainder when 698 is divided by 656.
42
Calculate the remainder when 2246 is divided by 13.
10
Calculate the remainder when 397 is divided by 14.
5
What is the remainder when 313 is divided by 79?
76
What is the remainder when 617 is divided by 68?
5
What is the remainder when 945 is divided by 86?
85
What is the remainder when 184 is divided by 56?
16
Calculate the remainder when 213 is divided by 187.
26
Calculate the remainder when 880 is divided by 50.
30
What is the remainder when 1251 is divided by 180?
171
What is the remainder when 15941 is divided by 107?
105
Calculate the remainder when 653 is divided by 82.
79
Calculate the remainder when 483 is divided by 22.
21
What is the remainder when 315 is divided by 20?
15
Calculate the remainder when 378 is divided by 353.
25
What is the remainder when 56 is divided by 4?
0
What is the remainder when 2543 is divided by 53?
52
What is the remainder when 216 is divided by 148?
68
Calculate the remainder when 75 is divided by 16.
11
Calculate the remainder when 154 is divided by 15.
4
What is the remainder when 71 is divided by 20?
11
Calculate the remainder when 493 is divided by 69.
10
Calculate the remainder when 215 is divided by 22.
17
Calculate the remainder when 65 is divided by 35.
30
What is the remainder when 132 is divided by 34?
30
What is the remainder when 295 is divided by 27?
25
Calculate the remainder when 208 is divided by 7.
5
What is the remainder when 1375 is divided by 86?
85
Calculate the remainder when 332 is divided by 65.
7
Calculate the remainder when 777 is divided by 765.
12
What is the remainder when 130 is divided by 30?
10
Calculate the remainder when 1105 is divided by 159.
151
Calculate the remainder when 130 is divided by 4.
2
Calculate the remainder when 354 is divided by 72.
66
Calculate the remainder when 245 is divided by 70.
35
What is the remainder when 779 is divided by 102?
65
Calculate the remainder when 1086 is divided by 170.
66
Calculate the remainder when 631 is divided by 138.
79
Calculate the remainder when 2328 is divided by 138.
120
What is the remainder when 4828 is divided by 32?
28
Calculate the remainder when 228 is divided by 21.
18
What is the remainder when 195 is divided by 6?
3
Calculate the remainder when 134 is divided by 73.
61
Calculate the remainder when 354 is divided by 30.
24
What is the remainder when 334 is divided by 21?
19
What is the remainder when 563 is divided by 542?
21
Calculate the remainder when 437 is divided by 215.
7
What is the remainder when 538 is divided by 77?
76
What is the remainder when 3321 is divided by 237?
3
What is the remainder when 228 is divided by 11?
8
Calculate the remainder when 103 is divided by 18.
13
Calculate the remainder when 203 is divided by 9.
5
Calculate the remainder when 1222 is divided by 12.
10
What is the remainder when 256 is divided by 37?
34
What is the remainder when 338 is divided by 19?
15
What is the remainder when 230 is divided by 8?
6
Calculate the remainder when 268 is divided by 68.
64
What is the remainder when 1341 is divided by 21?
18
Calculate the remainder when 327 is divided by 61.
22
What is the remainder when 60 is divided by 54?
6
What is the remainder when 1646 is divided by 21?
8
Calculate the remainder when 1992 is divided by 205.
147
What is the remainder when 13579 is divided by 28?
27
What is the remainder when 2028 is divided by 35?
33
Calculate the remainder when 620 is divided by 202.
14
What is the remainder when 25 is divided by 25?
0
What is the remainder when 228 is divided by 71?
15
What is the remainder when 60 is divided by 43?
17
Calculate the remainder when 43 is divided by 32.
11
What is the remainder when 137 is divided by 13?
7
What is the remainder when 762 is divided by 421?
341
Calculate the remainder when 3577 is divided by 1192.
1
Calculate the remainder when 3967 is divided by 166.
149
What is the remainder when 598 is divided by 38?
28
What is the remainder when 345 is divided by 12?
9
What is the remainder when 828 is divided by 22?
14
Calculate the remainder when 1477 is divided by 213.
199
What is the remainder when 258 is divided by 26?
24
Calculate the remainder when 297 is divided by 3.
0
Calculate the remainder when 11802 is divided by 164.
158
Calculate the remainder when 2726 is divided by 27.
26
Calculate the remainder when 2111 is divided by 235.
231
Calculate the remainder when 281 is divided by 163.
118
What is the remainder when 4003 is divided by 91?
90
Calculate the remainder when 1483 is divided by 106.
105
What is the remainder when 1322 is divided by 21?
20
What is the remainder when 927 is divided by 32?
31
Calculate the remainder when 2970 is divided by 249.
231
What is the remainder when 218 is divided by 55?
53
What is the remainder when 15 is divided by 9?
6
Calculate the remainder when 148 is divided by 102.
46
Calculate the remainder when 1583 is divided by 40.
23
Calculate the remainder when 316 is divided by 40.
36
What is the remainder when 455 is divided by 24?
23
Calculate the remainder when 330 is divided by 254.
76
Calculate the remainder when 19554 is divided by 127.
123
What is the remainder when 719 is divided by 12?
11
What is the remainder when 2130 is divided by 31?
22
What is the remainder when 1875 is divided by 932?
11
What is the remainder when 506 is divided by 40?
26
What is the remainder when 360 is divided by 38?
18
Calculate the remainder when 2321 is divided by 54.
53
What is the remainder when 102 is divided by 30?
12
What is the remainder when 5204 is divided by 2593?
18
What is the remainder when 237 is divided by 84?
69
What is the remainder when 77 is divided by 62?
15
Calculate the remainder when 215 is divided by 76.
63
What is the remainder when 2433 is divided by 106?
101
What is the remainder when 104 is divided by 63?
41
What is the remainder when 904 is divided by 130?
124
What is the remainder when 856 is divided by 33?
31
Calculate the remainder when 38 is divided by 35.
3
Calculate the remainder when 932 is divided by 131.
15
What is the remainder when 6974 is divided by 64?
62
What is the remainder when 920 is divided by 453?
14
Calculate the remainder when 219 is divided by 20.
19
What is the remainder when 3394 is divided by 3393?
1
What is the remainder when 509 is divided by 65?
54
Calculate the remainder when 311 is divided by 35.
31
What is the remainder when 1584 is divided by 27?
18
What is the remainder when 1487 is divided by 10?
7
What is the remainder when 810 is divided by 29?
27
Calculate the remainder when 376 is divided by 372.
4
What is the remainder when 369 is divided by 130?
109
Calculate the remainder when 133 is divided by 48.
37
Calculate the remainder when 1210 is divided by 7.
6
Calculate the remainder when 110 is divided by 53.
4
What is the remainder when 320 is divided by 27?
23
Calculate the remainder when 122 is divided by 27.
14
What is the remainder when 186 is divided by 23?
2
Calculate the remainder when 359 is divided by 59.
5
Calculate the remainder when 1903 is divided by 61.
12
Calculate the remainder when 126 is divided by 57.
12
What is the remainder when 48 is divided by 7?
6
Calculate the remainder when 7 is divided by 7.
0
Calculate the remainder when 4967 is divided by 34.
3
What is the remainder when 217 is divided by 55?
52
Calculate the rema